5 - 1)?
4
Evaluate -3 - -4 - (1 + -1 + 1).
0
Evaluate 1 + -2 - (11 + -8 + -3).
-1
What is 9 - 10 - (3 - 3)?
-1
Calculate (-5 - -6) + -7 + 2 + 1.
-3
What is 33 - 36 - (3 - 7 - 2)?
3
What is 5 - (2 + -8 + 11 + -7)?
7
Calculate 15 + -16 + (-10 - -3).
-8
(3 - (4 - (0 + 6))) + -7
-2
What is (72 - 67) + (-1 - 5) + -1?
-2
Calculate -5 + 13 - (1 + (7 - 5)).
5
Calculate 2 - 1 - 1 - (5 + -6).
1
What is 2 + 5 + -1 + -3?
3
What is the value of -3 + 8 + (-7 - -3)?
1
Calculate -12 + -1 + (8 - 17) + 14.
-8
Calculate -6 + -1 + 4 + 0 + -1.
-4
What is the value of 0 + (-4 - (3 + -1))?
-6
Calculate 9 + -9 + -2 + 7.
5
Evaluate 5 + -5 - ((-2 - -1) + -3).
4
10 + -6 + 8 + -9
3
-2 + (0 + -3 - -2) + 2
-1
What is -2 - (0 - -6 - (4 - -1))?
-3
0 - ((-3 - 0) + -60 + 59)
4
What is the value of 3 + -6 - (-9 - -9)?
-3
Evaluate -5 - (-1 - 0) - -2 - 1.
-3
Calculate (-3 - 1) + (55 - 46).
5
Calculate 0 - (4 - 2) - (-6 - -9).
-5
What is the value of -6 - (-3 - (-5 + 8 + -3))?
-3
What is the value of 7 + -2 - 3 - 1?
1
What is 8 + (4 + -6 - (-2 + 4))?
4
Calculate 0 + (5 + -8 - -3).
0
Evaluate -1 + (-4 - (-3 + 5)).
-7
What is (-9 - -5) + 1 + (0 - -2)?
-1
What is 1 - 9 - (-2 + 2 + -3)?
-5
What is the value of -1 + 4 - (1 + -1) - 1?
2
Calculate 3 + (-1 - -3) + 0 - 8.
-3
Calculate 1 + -2 + 2 - (-2 + 7).
-4
-2 + 0 + (7 - 4) + -4
-3
Calculate (3 - 5 - -3) + (-1 - 2).
-2
Calculate (3 + 3 - 0) + -4.
2
What is the value of 5 - 10 - (1 - 0 - 1)?
-5
What is the value of 0 + (8 - 3) - (2 - -11)?
-8
Evaluate -2 + 0 + (-4 - -10) + -1.
3
31 - 35 - (2 - (2 + 2))
-2
What is 7 - 2 - 2 - (1 - -4)?
-2
Evaluate -6 - (7 - (12 + 1)).
0
(5 + -3 - 5) + 4
1
161 + -166 + (-5 - -1)
-9
What is the value of 4 + -2 - (-2 - (-2 + 3))?
5
What is (2 - 1) + (-2 - -2)?
1
-10 - -3 - (-12 - -9)
-4
What is the value of -4 + 8 + -15 + 3 + 3?
-5
What is -6 + 9 + -5 - 3?
-5
What is 3 + (-5 - (2 + -3))?
-1
What is the value of (10 - 7) + -2 + 7 + 0?
8
Evaluate 12 - (4 + 0 - 1).
9
What is 5 + -3 - (-2 - (-1 + -1))?
2
Evaluate -7 - -3 - -3 - (5 - 1).
-5
Calculate (-3 - -1 - -1) + 0.
-1
Evaluate 7 + -14 + 2 + -2.
-7
Calculate -5 + 8 + (-16 - -11).
-2
Evaluate -1 - -3 - (1 + 1).
0
Evaluate 2 - (-1 - (3 - (6 + 0))).
0
What is -3 - ((0 - -1) + -2)?
-2
What is the value of (-3 - -6) + 0 - (-7 - -1)?
9
What is the value of (-5 - -6) + 4 + -1 + -1?
3
5 - -2 - (0 + 4)
3
Calculate -8 - (0 - 1 - (10 + -6)).
-3
2 + -7 + 0 + 8 + -3
0
Calculate -17 + (6 - -8) + 4 + 0.
1
Calculate (44 - 51) + (10 - 1).
2
Calculate -3 + (0 - -1) - 0.
-2
What is 5 - ((7 - -7) + -4)?
-5
Calculate 7 + -2 - (-5 + -2 - -14).
-2
Evaluate 2 - 8 - (5 - (11 - 2)).
-2
Evaluate (-1 - (-1 - (1 + 0))) + 3.
4
(-28 - -31) + (2 - (2 + -2))
5
Evaluate (-4 - -4 - -9) + -5.
4
What is the value of 6 - ((-4 - -6) + -1 + 1)?
4
Evaluate 11 + -3 + -3 - 5 - -1.
1
What is the value of (2 - -3) + -1 + -7?
-3
Calculate -23 + -3 + (26 - 8).
-8
What is the value of -3 + 5 + (2 + -4 - 1)?
-1
Calculate -2 + 2 + -4 + (7 - 6).
-3
What is (0 - (1 + 0)) + (-71 - -71)?
-1
What is the value of 0 - ((1 - -2) + 0)?
-3
What is -3 - (5 + -3 + 5 + -7)?
-3
-15 + (9 - -3) - (1 + 1)
-5
Evaluate (-9 - -3) + (42 - 35).
1
Calculate 54 + -54 - (5 - 1).
-4
What is 1 + -5 - (-2 + (-4 - -6))?
-4
Evaluate -2 + 2 + 0 + 0 + -5.
-5
Evaluate (2 + 12 - 5) + -7.
2
What is 5 + 0 - (23 + -20) - 5?
-3
What is the value of 4 + -3 - ((6 - 3) + 1)?
-3
-13 + (7 - 2) + 5
-3
Evaluate -1 + 3 - (2 + 3) - -2.
-1
Calculate (-3 + 2 - -1) + (0 - 3).
-3
Calculate 3 + 0 - (-16 - -13).
6
-1 + (1 - -3) + 1 - 9
-5
Evaluate -3 + 5 + (-2 + 3 - 1).
2
-8 + 11 - (-2 - (0 + 0))
5
Calculate (0 + -2 - 0 - 2) + 7.
3
What is (-12 - (-7 - -7)) + 10?
-2
Evaluate 0 + 3 + 4 + -4.
3
Calculate 1 + -5 + 2 + -3.
-5
0 - (0 - 4) - (-78 - -84)
-2
Evaluate -5 + -6 + (-9 - -4 - -11).
-5
What is 0 + -2 + 3 + -3?
-2
What is 2 + -7 - (-1 - 0)?
-4
What is the value of -3 - (0 - -4 - 9 - -1)?
1
Calculate (-1 + -2 - -7) + 3 - 4.
3
-3 + (14 - (15 - 8))
4
What is -1 + (-8 - -4) - -4?
-1
5 - (1 - (-2 - 2))
0
What is the value of 6 - (8 - (-4 + (2 - -3)))?
-1
(-3 - -1) + 4 + (-1 - -4)
5
Calculate 8 + -6 + 6 + -12 + 7.
3
Calculate (4 - 3 - 1) + -24 + 22.
-2
What is the value of (-7 - -21) + (-5 - 1)?
8
Evaluate 6 + (1 - 6) + 3.
4
What is the value of -3 + (-6 + 7 - -10)?
8
What is 3 + -7 - (-4 - 3 - -8)?
-5
(8 - 0) + 4 + -5 + -2
5
What is the value of 4 + (-7 + 0 - (13 + -15))?
-1
Evaluate (3 - 1 - -3) + (173 - 178).
0
Evaluate -2 - (-2 - -4 - 2).
-2
Calculate -2 + -6 + 8 + -5.
-5
Evaluate -4 + 0 + 2 - (-31 - -37).
-8
Evaluate -3 + 0 + -5 - -2.
-6
Calculate 4 - (-10 - -12) - (0 - -8).
-6
Calculate 6 + -10 + 8 - -4.
8
Calculate -2 + -5 + 8 + (-7 - -1).
-5
-2 + (-1 - -6) + -1
2
Calculate (7 - 0) + -7 - 0.
0
What is -11 + 20 + -1 - (3 - 1)?
6
What is the value of 0 + (1 - 1 - -1) - 3?
-2
What is 2 + 6 + (5 - 21)?
-8
Evaluate 3 - (0 + -11 + 3 + 1).
10
Evaluate 5 + (2 - 4 - (-9 - -11)).
1
Evaluate -2 - ((-1 - -3 - -1) + -7).
2
(1 + 1 - 2 - -2) + -2
0
What is -4 + (2 - -7) - 4?
1
-5 + 3 + -6 + 7
-1
What is -3 + -3 + 5 + -3 + 0?
-4
-2 + -2 + (4 - -1)
1
What is (-1 - (3 + 4)) + 10?
2
What is the value of -3 + (9 - (8 - 2))?
0
What is the value of -1 + 2 + -2 + -1 + -9?
-11
What is the value of 0 + 0 - (-1 - -6)?
-5
6 + (-1 - (2 + 0))
3
What is the value of 5 + 1 + (1 + 4 - 6)?
5
What is the value of -10 + 9 + (6 - 2) + -1?
2
Evaluate -4 + -1 - ((2 - 6) + -4).
3
What is -31 - -35 - (2 - (3 - 2))?
3
What is 34 + -29 - (2 - -1 - 0)?
2
-9 - (-12 - 2 - (25 - 20))
10
What is the value of 5 - (-5 + (9 - 2)) - 0?
3
Evaluate -1 - (0 - 0 - 4).
3
Calculate (-1 - -1) + 3 + -7 + -1.
-5
Calculate -4 + (-3 + 1 - -10) + -5.
-1
What is the value of 5 - (-4 + -1 - 0 - -9)?
1
(8 - 7) + (5 - (2 + -2))
6
-5 + -3 - (3 - (2 + 7))
-2
What is the value of (14 - (-9 + 21)) + -5?
-3
What is the value of (3 - 3) + -2 - (-3 + 1)?
0
6 - (2 - (-1 - 2))
1
What is 3 + (3 - 6 - 0 - -4)?
4
-28 + 32 - (-2 + -1 + -1)
8
12 - (-5 + 6 + 5) - 11
-5
Evaluate 10 + (0 - (5 - 1)) - 4.
2
What is 0 + (-2 - (-7 + 4 + 4))?
-3
What is 91 + -95 + 1 + 5?
2
What is 18 + -16 + -6 + 2?
-2
What is the value of 0 + -1 - ((1 - 2) + 1)?
-1
3 - ((8 - 4) + -4)
3
What is the value of 3 + -2 + -1 + 3?
3
Calculate -5 + -4 - (-8 + 0).
-1
Evaluate -4 - 2 - (12 - 23).
5
What is (5 + 1 - (6 - 1)) + -4?
-3
What is the value of 4 + (0 - 0) - (5 - 2)?
1
What is the value of -5 + -5 + 13 + -8?
-5
Calculate 9 - 5 - 7 - -11.
8
Calculate 0 + 1 + -1 - (13 + -10).
-3
What is the value of 0 - ((3 - 0) + -5)?
2
Evaluate (-9 - -13) + (0 - 3) + 0.
1
Calculate -7 - (11 + -17 - 4).
3
Evaluate 2 + 0 + -1 + (-8 - -4).
-3
3 - (4 - (-15 - -5)) - -4
-7
Calculate 1 + 1 + -1 + 4.
5
0 + 6 + (5 - (2 + 10))
-1
What is the value of (5 - 6 - 3) + (0 - -2)?
-2
What is the value of (4 - (6 + 0)) + 0 + 3?
1
What is the value of (8 - 1 - 13) + 1?
-5
Evaluate -4 + -3 + -3 + 5.
-5
-4 + 2 + (1 - 7) + 6
-2
What is 1 - -7 - -2 - 5?
5
What is the value of 2 + -7 + (1 - 4) + 6?
-2
What is -6 + -5 + 0 + 7 + 1?
-3
What is 0 + (-6 - (-7 - -2)) + 3?
2
What is the value of (-3 + 2 - -4) + -7 - 2?
-6
What is the value of 1 + 6 - (4 + 11)?
-8
Calculate (-21 - -8 - -2) + 9.
-2
What is 9 + -2 + 1 + -4?
4
Evaluate -2 + -3 + -1 + 2 - -4.
0
What is -3 + 3 + -3 + -1?
-4
Calculate 1 - 1 - -2 - (10 - 19).
11
-5 - (3 - 10) - (-5 + -2)
9
What is the value of 6 + 0 + (-14 - (-6 + -6))?
4
What is 14 + 3 + 7 + -19?
5
Calculate -2 + 2 - 2 - -2.
0
Calculate 1 - (-10 - (-6 - (-3 - -2))).
6
Evaluate (-1 - (8 + -1)) + -514 + 514.
-8
(-11 - (-14 + -3)) + -14
-8
What is (-5 - 0) + -2 + 2?
-5
Evaluate (-1 + -3 - -4) + -1.
-1
1 + (6 - 12 - -1)
-4
What is -3 - 0 - (-50 - -52)?
-5
What is the value of 3 + (-1 - 2) + 0 - -1?
1
What is the value of 5 + -6 + -2 + (-1 - 1)?
-5
Calculate -6 - (5 - (9 - -3)).
1
0 + -13 + (4 - -3 - 0)
-6
Evaluate 19 + -24 + (-1 - -5) + -1.
-2
What is -1 - (6 + -10) - -3?
6
What is the value of (6 - (3 - 3)) + -1?
5
What is -30 + 28 + 1 + -1?
-2
Evaluate 7 - (-3 + 4 + 4).
2
Calculate (-21 + 10 - -16) + (1 - -2).
8
Evaluate 2 - 1 - 0 - (-3 + 4).
0
What is 6 + -1 - 2 - (-11 + 10)?
4
Evaluate 1 + -5 - (-27 - -22).
1
Calculate -48 - -42 - (0 - -2).
-8
What is the value of -8 + (10 - 14 - -12)?
0
What is the value of 11 + -1 - (-26 - -37)?
-1
What is the value of (-2 - (7 + -1)) + -44 